{"id":13,"date":"2025-12-03T21:13:55","date_gmt":"2025-12-03T18:13:55","guid":{"rendered":"https:\/\/www.balreinigung.de\/?page_id=13"},"modified":"2025-12-03T20:24:26","modified_gmt":"2025-12-03T19:24:26","slug":"impressum","status":"publish","type":"page","link":"https:\/\/www.balreinigung.de\/?page_id=13","title":{"rendered":"IMPRESSUM"},"content":{"rendered":"\n<p>Sevki Baltaci<\/p>\n\n\n\n<p>Bal Geb\u00e4udeservice<\/p>\n\n\n\n<p><br>Neustifter Stra\u00dfen 29b<br>D-80807 M\u00fcnchen<br><\/p>\n\n\n\n<p>info@balreinigung.de<\/p>\n\n\n\n<p><br>Handy:0157-52228400<br><\/p>\n","protected":false},"excerpt":{"rendered":"<p>Sevki Baltaci Bal Geb\u00e4udeservice Neustifter Stra\u00dfen 29bD-80807 M\u00fcnchen info@balreinigung.de Handy:0157-52228400<\/p>\n","protected":false},"author":1,"featured_media":0,"parent":0,"menu_order":2,"comment_status":"closed","ping_status":"closed","template":"","meta":{"footnotes":""},"class_list":["post-13","page","type-page","status-publish","hentry"],"_links":{"self":[{"href":"https:\/\/www.balreinigung.de\/index.php?rest_route=\/wp\/v2\/pages\/13","targetHints":{"allow":["GET"]}}],"collection":[{"href":"https:\/\/www.balreinigung.de\/index.php?rest_route=\/wp\/v2\/pages"}],"about":[{"href":"https:\/\/www.balreinigung.de\/index.php?rest_route=\/wp\/v2\/types\/page"}],"author":[{"embeddable":true,"href":"https:\/\/www.balreinigung.de\/index.php?rest_route=\/wp\/v2\/users\/1"}],"replies":[{"embeddable":true,"href":"https:\/\/www.balreinigung.de\/index.php?rest_route=%2Fwp%2Fv2%2Fcomments&post=13"}],"version-history":[{"count":1,"href":"https:\/\/www.balreinigung.de\/index.php?rest_route=\/wp\/v2\/pages\/13\/revisions"}],"predecessor-version":[{"id":14,"href":"https:\/\/www.balreinigung.de\/index.php?rest_route=\/wp\/v2\/pages\/13\/revisions\/14"}],"wp:attachment":[{"href":"https:\/\/www.balreinigung.de\/index.php?rest_route=%2Fwp%2Fv2%2Fmedia&parent=13"}],"curies":[{"name":"wp","href":"https:\/\/api.w.org\/{rel}","templated":true}]}}